{"id":137,"date":"2024-06-27T20:22:17","date_gmt":"2024-06-27T18:22:17","guid":{"rendered":"https:\/\/julienroquette-servicis.fr\/?page_id=137"},"modified":"2025-09-07T16:26:53","modified_gmt":"2025-09-07T14:26:53","slug":"vous-souhaitez-realiser-un-amenagement-un-entretien-ou-plus-encore-de-votre-espace-exterieur-contacter-servicis","status":"publish","type":"page","link":"https:\/\/julienroquette-servicis.fr\/index.php\/vous-souhaitez-realiser-un-amenagement-un-entretien-ou-plus-encore-de-votre-espace-exterieur-contacter-servicis\/","title":{"rendered":"Nous contacter"},"content":{"rendered":"\t\t<div data-elementor-type=\"wp-page\" data-elementor-id=\"137\" class=\"elementor elementor-137\" data-elementor-post-type=\"page\">\n\t\t\t\t<div class=\"elementor-element elementor-element-3e1c4fd e-con-full e-flex e-con e-parent\" data-id=\"3e1c4fd\" data-element_type=\"container\" data-settings=\"{&quot;background_background&quot;:&quot;classic&quot;}\">\n\t\t\t\t<div class=\"elementor-element elementor-element-175eb9a elementor-widget__width-initial elementor-widget elementor-widget-heading\" data-id=\"175eb9a\" data-element_type=\"widget\" data-widget_type=\"heading.default\">\n\t\t\t\t<div class=\"elementor-widget-container\">\n\t\t\t\t\t<h2 class=\"elementor-heading-title elementor-size-default\">    Contact<\/h2>\t\t\t\t<\/div>\n\t\t\t\t<\/div>\n\t\t\t\t<\/div>\n\t\t<div class=\"elementor-element elementor-element-f20aab0 e-flex e-con-boxed e-con e-parent\" data-id=\"f20aab0\" data-element_type=\"container\">\n\t\t\t\t\t<div class=\"e-con-inner\">\n\t\t\t\t<div class=\"elementor-element elementor-element-294f69b elementor-widget elementor-widget-spacer\" data-id=\"294f69b\" data-element_type=\"widget\" data-widget_type=\"spacer.default\">\n\t\t\t\t<div class=\"elementor-widget-container\">\n\t\t\t\t\t\t\t<div class=\"elementor-spacer\">\n\t\t\t<div class=\"elementor-spacer-inner\"><\/div>\n\t\t<\/div>\n\t\t\t\t\t\t<\/div>\n\t\t\t\t<\/div>\n\t\t\t\t\t<\/div>\n\t\t\t\t<\/div>\n\t\t<div class=\"elementor-element elementor-element-ae82c46 e-flex e-con-boxed e-con e-parent\" data-id=\"ae82c46\" data-element_type=\"container\">\n\t\t\t\t\t<div class=\"e-con-inner\">\n\t\t\t\t<div class=\"elementor-element elementor-element-78417da elementor-widget__width-initial elementor-widget elementor-widget-text-editor\" data-id=\"78417da\" data-element_type=\"widget\" data-widget_type=\"text-editor.default\">\n\t\t\t\t<div class=\"elementor-widget-container\">\n\t\t\t\t\t\t\t\t\t<p data-start=\"80\" data-end=\"457\">Chez Servicis, nous sommes heureux de vous accompagner dans la transformation de vos ext\u00e9rieurs en v\u00e9ritables havres de paix, o\u00f9 confort, esth\u00e9tique et nature cohabitent harmonieusement.<br data-start=\"270\" data-end=\"273\" \/>Que vous r\u00eaviez d\u2019un jardin paysager, d\u2019une terrasse chaleureuse, ou d\u2019un espace ext\u00e9rieur enti\u00e8rement repens\u00e9, notre \u00e9quipe est \u00e0 votre \u00e9coute pour concr\u00e9tiser vos projets sur mesure.<\/p><p data-start=\"459\" data-end=\"657\">Vous avez une question, besoin d\u2019un devis personnalis\u00e9 ou souhaitez fixer un rendez-vous avec l\u2019un de nos sp\u00e9cialistes ?<br data-start=\"579\" data-end=\"582\" \/>Servicis &#8211; Julien Roquette est \u00e0 votre disposition et joignables par les moyens suivants :<\/p>\t\t\t\t\t\t\t\t<\/div>\n\t\t\t\t<\/div>\n\t\t\t\t\t<\/div>\n\t\t\t\t<\/div>\n\t\t<div class=\"elementor-element elementor-element-7d57684 e-flex e-con-boxed e-con e-parent\" data-id=\"7d57684\" data-element_type=\"container\">\n\t\t\t\t\t<div class=\"e-con-inner\">\n\t\t<div class=\"elementor-element elementor-element-35b2f2b e-con-full e-flex e-con e-child\" data-id=\"35b2f2b\" data-element_type=\"container\">\n\t\t\t\t<div class=\"elementor-element elementor-element-634e63e elementor-widget elementor-widget-image\" data-id=\"634e63e\" data-element_type=\"widget\" data-widget_type=\"image.default\">\n\t\t\t\t<div class=\"elementor-widget-container\">\n\t\t\t\t\t\t\t\t\t\t\t\t\t\t\t<img fetchpriority=\"high\" decoding=\"async\" width=\"1024\" height=\"636\" src=\"https:\/\/julienroquette-servicis.fr\/wp-content\/uploads\/2024\/08\/backyard-garden-1024x636.jpg\" class=\"attachment-large size-large wp-image-537\" alt=\"Servicis contacter Julien Roquette cantal\" srcset=\"https:\/\/julienroquette-servicis.fr\/wp-content\/uploads\/2024\/08\/backyard-garden-1024x636.jpg 1024w, https:\/\/julienroquette-servicis.fr\/wp-content\/uploads\/2024\/08\/backyard-garden-300x186.jpg 300w, https:\/\/julienroquette-servicis.fr\/wp-content\/uploads\/2024\/08\/backyard-garden-768x477.jpg 768w, https:\/\/julienroquette-servicis.fr\/wp-content\/uploads\/2024\/08\/backyard-garden-1536x955.jpg 1536w, https:\/\/julienroquette-servicis.fr\/wp-content\/uploads\/2024\/08\/backyard-garden.jpg 2000w\" sizes=\"(max-width: 1024px) 100vw, 1024px\" \/>\t\t\t\t\t\t\t\t\t\t\t\t\t\t\t<\/div>\n\t\t\t\t<\/div>\n\t\t\t\t<\/div>\n\t\t<div class=\"elementor-element elementor-element-5a52132 e-con-full e-flex e-con e-child\" data-id=\"5a52132\" data-element_type=\"container\">\n\t\t\t\t<div class=\"elementor-element elementor-element-3686ca8 elementor-widget elementor-widget-heading\" data-id=\"3686ca8\" data-element_type=\"widget\" data-widget_type=\"heading.default\">\n\t\t\t\t<div class=\"elementor-widget-container\">\n\t\t\t\t\t<h2 class=\"elementor-heading-title elementor-size-default\">Demande de Devis<\/h2>\t\t\t\t<\/div>\n\t\t\t\t<\/div>\n\t\t\t\t<div class=\"elementor-element elementor-element-00a8d8e elementor-widget elementor-widget-text-editor\" data-id=\"00a8d8e\" data-element_type=\"widget\" data-widget_type=\"text-editor.default\">\n\t\t\t\t<div class=\"elementor-widget-container\">\n\t\t\t\t\t\t\t\t\t<p>Pr\u00e9sentez-nous votre projet (am\u00e9nagement, entretien, r\u00e9habilitation, superficie des espaces, localisation, service ponctuel ou r\u00e9current)\u2026 Tout ce qui nous permettra de r\u00e9pondre au mieux \u00e0 votre demande. Vous pouvez aussi utiliser le formulaire ci-contre ou notre adresse email ci-dessous. Nous vous r\u00e9pondrons dans les plus brefs d\u00e9lais. Devis gratuit et r\u00e9ponse r\u00e9active assur\u00e9e. Pour toute demande d\u2019information, devis, prise de contact, julien Roquette se tient \u00e0 votre disposition \u00e0 l&rsquo;adresse ci-dessous :<\/p>\t\t\t\t\t\t\t\t<\/div>\n\t\t\t\t<\/div>\n\t\t\t\t<div class=\"elementor-element elementor-element-54d1b7f elementor-icon-list--layout-traditional elementor-list-item-link-full_width elementor-widget elementor-widget-icon-list\" data-id=\"54d1b7f\" data-element_type=\"widget\" data-widget_type=\"icon-list.default\">\n\t\t\t\t<div class=\"elementor-widget-container\">\n\t\t\t\t\t\t\t<ul class=\"elementor-icon-list-items\">\n\t\t\t\t\t\t\t<li class=\"elementor-icon-list-item\">\n\t\t\t\t\t\t\t\t\t\t\t<span class=\"elementor-icon-list-icon\">\n\t\t\t\t\t\t\t<svg aria-hidden=\"true\" class=\"e-font-icon-svg e-fas-mail-bulk\" viewBox=\"0 0 576 512\" xmlns=\"http:\/\/www.w3.org\/2000\/svg\"><path d=\"M160 448c-25.6 0-51.2-22.4-64-32-64-44.8-83.2-60.8-96-70.4V480c0 17.67 14.33 32 32 32h256c17.67 0 32-14.33 32-32V345.6c-12.8 9.6-32 25.6-96 70.4-12.8 9.6-38.4 32-64 32zm128-192H32c-17.67 0-32 14.33-32 32v16c25.6 19.2 22.4 19.2 115.2 86.4 9.6 6.4 28.8 25.6 44.8 25.6s35.2-19.2 44.8-22.4c92.8-67.2 89.6-67.2 115.2-86.4V288c0-17.67-14.33-32-32-32zm256-96H224c-17.67 0-32 14.33-32 32v32h96c33.21 0 60.59 25.42 63.71 57.82l.29-.22V416h192c17.67 0 32-14.33 32-32V192c0-17.67-14.33-32-32-32zm-32 128h-64v-64h64v64zm-352-96c0-35.29 28.71-64 64-64h224V32c0-17.67-14.33-32-32-32H96C78.33 0 64 14.33 64 32v192h96v-32z\"><\/path><\/svg>\t\t\t\t\t\t<\/span>\n\t\t\t\t\t\t\t\t\t\t<span class=\"elementor-icon-list-text\">contact@julienroquette-servicis.fr<\/span>\n\t\t\t\t\t\t\t\t\t<\/li>\n\t\t\t\t\t\t\t\t<li class=\"elementor-icon-list-item\">\n\t\t\t\t\t\t\t\t\t\t\t<span class=\"elementor-icon-list-icon\">\n\t\t\t\t\t\t\t<svg aria-hidden=\"true\" class=\"e-font-icon-svg e-fas-phone-square-alt\" viewBox=\"0 0 448 512\" xmlns=\"http:\/\/www.w3.org\/2000\/svg\"><path d=\"M400 32H48A48 48 0 0 0 0 80v352a48 48 0 0 0 48 48h352a48 48 0 0 0 48-48V80a48 48 0 0 0-48-48zm-16.39 307.37l-15 65A15 15 0 0 1 354 416C194 416 64 286.29 64 126a15.7 15.7 0 0 1 11.63-14.61l65-15A18.23 18.23 0 0 1 144 96a16.27 16.27 0 0 1 13.79 9.09l30 70A17.9 17.9 0 0 1 189 181a17 17 0 0 1-5.5 11.61l-37.89 31a231.91 231.91 0 0 0 110.78 110.78l31-37.89A17 17 0 0 1 299 291a17.85 17.85 0 0 1 5.91 1.21l70 30A16.25 16.25 0 0 1 384 336a17.41 17.41 0 0 1-.39 3.37z\"><\/path><\/svg>\t\t\t\t\t\t<\/span>\n\t\t\t\t\t\t\t\t\t\t<span class=\"elementor-icon-list-text\">06 32 60 39 01<\/span>\n\t\t\t\t\t\t\t\t\t<\/li>\n\t\t\t\t\t\t<\/ul>\n\t\t\t\t\t\t<\/div>\n\t\t\t\t<\/div>\n\t\t\t\t<\/div>\n\t\t\t\t\t<\/div>\n\t\t\t\t<\/div>\n\t\t<div class=\"elementor-element elementor-element-02919c8 e-flex e-con-boxed e-con e-parent\" data-id=\"02919c8\" data-element_type=\"container\">\n\t\t\t\t\t<div class=\"e-con-inner\">\n\t\t\t\t<div class=\"elementor-element elementor-element-ecf8d8c elementor-widget-divider--view-line elementor-widget elementor-widget-divider\" data-id=\"ecf8d8c\" data-element_type=\"widget\" data-widget_type=\"divider.default\">\n\t\t\t\t<div class=\"elementor-widget-container\">\n\t\t\t\t\t\t\t<div class=\"elementor-divider\">\n\t\t\t<span class=\"elementor-divider-separator\">\n\t\t\t\t\t\t<\/span>\n\t\t<\/div>\n\t\t\t\t\t\t<\/div>\n\t\t\t\t<\/div>\n\t\t\t\t\t<\/div>\n\t\t\t\t<\/div>\n\t\t<div class=\"elementor-element elementor-element-31c2a6d e-flex e-con-boxed e-con e-parent\" data-id=\"31c2a6d\" data-element_type=\"container\">\n\t\t\t\t\t<div class=\"e-con-inner\">\n\t\t\t\t<div class=\"elementor-element elementor-element-9108e89 elementor-widget elementor-widget-heading\" data-id=\"9108e89\" data-element_type=\"widget\" data-widget_type=\"heading.default\">\n\t\t\t\t<div class=\"elementor-widget-container\">\n\t\t\t\t\t<h2 class=\"elementor-heading-title elementor-size-default\">Contacter Servicis<\/h2>\t\t\t\t<\/div>\n\t\t\t\t<\/div>\n\t\t\t\t\t<\/div>\n\t\t\t\t<\/div>\n\t\t<div class=\"elementor-element elementor-element-6735d90 e-flex e-con-boxed e-con e-parent\" data-id=\"6735d90\" data-element_type=\"container\">\n\t\t\t\t\t<div class=\"e-con-inner\">\n\t\t\t\t<div class=\"elementor-element elementor-element-b9787bf elementor-button-align-stretch elementor-widget elementor-widget-form\" data-id=\"b9787bf\" data-element_type=\"widget\" data-settings=\"{&quot;step_next_label&quot;:&quot;Next&quot;,&quot;step_previous_label&quot;:&quot;Previous&quot;,&quot;button_width&quot;:&quot;100&quot;,&quot;step_type&quot;:&quot;number_text&quot;,&quot;step_icon_shape&quot;:&quot;circle&quot;}\" data-widget_type=\"form.default\">\n\t\t\t\t<div class=\"elementor-widget-container\">\n\t\t\t\t\t\t\t<form class=\"elementor-form\" method=\"post\" name=\"New Form\" aria-label=\"New Form\">\n\t\t\t<input type=\"hidden\" name=\"post_id\" value=\"137\"\/>\n\t\t\t<input type=\"hidden\" name=\"form_id\" value=\"b9787bf\"\/>\n\t\t\t<input type=\"hidden\" name=\"referer_title\" value=\"Nous contacter - Servicis\" \/>\n\n\t\t\t\t\t\t\t<input type=\"hidden\" name=\"queried_id\" value=\"137\"\/>\n\t\t\t\n\t\t\t<div class=\"elementor-form-fields-wrapper elementor-labels-above\">\n\t\t\t\t\t\t\t\t<div class=\"elementor-field-type-text elementor-field-group elementor-column elementor-field-group-name elementor-col-100\">\n\t\t\t\t\t\t\t\t\t\t\t\t<label for=\"form-field-name\" class=\"elementor-field-label\">\n\t\t\t\t\t\t\t\tNom\t\t\t\t\t\t\t<\/label>\n\t\t\t\t\t\t\t\t\t\t\t\t\t\t<input size=\"1\" type=\"text\" name=\"form_fields[name]\" id=\"form-field-name\" class=\"elementor-field elementor-size-sm  elementor-field-textual\" placeholder=\"Nom\">\n\t\t\t\t\t\t\t\t\t\t\t<\/div>\n\t\t\t\t\t\t\t\t<div class=\"elementor-field-type-email elementor-field-group elementor-column elementor-field-group-email elementor-col-100 elementor-field-required\">\n\t\t\t\t\t\t\t\t\t\t\t\t<label for=\"form-field-email\" class=\"elementor-field-label\">\n\t\t\t\t\t\t\t\tEmail\t\t\t\t\t\t\t<\/label>\n\t\t\t\t\t\t\t\t\t\t\t\t\t\t<input size=\"1\" type=\"email\" name=\"form_fields[email]\" id=\"form-field-email\" class=\"elementor-field elementor-size-sm  elementor-field-textual\" placeholder=\"Email\" required=\"required\">\n\t\t\t\t\t\t\t\t\t\t\t<\/div>\n\t\t\t\t\t\t\t\t<div class=\"elementor-field-type-textarea elementor-field-group elementor-column elementor-field-group-message elementor-col-100\">\n\t\t\t\t\t\t\t\t\t\t\t\t<label for=\"form-field-message\" class=\"elementor-field-label\">\n\t\t\t\t\t\t\t\tMessage\t\t\t\t\t\t\t<\/label>\n\t\t\t\t\t\t<textarea class=\"elementor-field-textual elementor-field  elementor-size-sm\" name=\"form_fields[message]\" id=\"form-field-message\" rows=\"4\" placeholder=\"Message\"><\/textarea>\t\t\t\t<\/div>\n\t\t\t\t\t\t\t\t<div class=\"elementor-field-group elementor-column elementor-field-type-submit elementor-col-100 e-form__buttons\">\n\t\t\t\t\t<button class=\"elementor-button elementor-size-sm\" type=\"submit\">\n\t\t\t\t\t\t<span class=\"elementor-button-content-wrapper\">\n\t\t\t\t\t\t\t\t\t\t\t\t\t\t\t\t\t\t\t\t\t\t<span class=\"elementor-button-text\">Send<\/span>\n\t\t\t\t\t\t\t\t\t\t\t\t\t<\/span>\n\t\t\t\t\t<\/button>\n\t\t\t\t<\/div>\n\t\t\t<\/div>\n\t\t<\/form>\n\t\t\t\t\t\t<\/div>\n\t\t\t\t<\/div>\n\t\t\t\t\t<\/div>\n\t\t\t\t<\/div>\n\t\t\t\t<\/div>\n\t\t","protected":false},"excerpt":{"rendered":"<p>Contact Chez Servicis, nous sommes heureux de vous accompagner dans la transformation de vos ext\u00e9rieurs en v\u00e9ritables havres de paix, o\u00f9 confort, esth\u00e9tique et nature cohabitent harmonieusement.Que vous r\u00eaviez d\u2019un jardin paysager, d\u2019une terrasse chaleureuse, ou d\u2019un espace ext\u00e9rieur enti\u00e8rement repens\u00e9, notre \u00e9quipe est \u00e0 votre \u00e9coute pour concr\u00e9tiser vos projets sur mesure. Vous avez [&hellip;]<\/p>\n","protected":false},"author":1,"featured_media":0,"parent":0,"menu_order":0,"comment_status":"closed","ping_status":"closed","template":"","meta":{"footnotes":""},"class_list":["post-137","page","type-page","status-publish","hentry","entry"],"yoast_head":"<!-- This site is optimized with the Yoast SEO plugin v26.8 - https:\/\/yoast.com\/product\/yoast-seo-wordpress\/ -->\n<title>Nous contacter - Servicis<\/title>\n<meta name=\"description\" content=\"Vous souhaitez r\u00e9aliser un am\u00e9nagement, un entretien ou plus encore de votre espace ext\u00e9rieur ? Contacter Servicis.\" \/>\n<meta name=\"robots\" content=\"index, follow, max-snippet:-1, max-image-preview:large, max-video-preview:-1\" \/>\n<link rel=\"canonical\" href=\"https:\/\/julienroquette-servicis.fr\/index.php\/vous-souhaitez-realiser-un-amenagement-un-entretien-ou-plus-encore-de-votre-espace-exterieur-contacter-servicis\/\" \/>\n<meta property=\"og:locale\" content=\"fr_FR\" \/>\n<meta property=\"og:type\" content=\"article\" \/>\n<meta property=\"og:title\" content=\"Nous contacter - Servicis\" \/>\n<meta property=\"og:description\" content=\"Vous souhaitez r\u00e9aliser un am\u00e9nagement, un entretien ou plus encore de votre espace ext\u00e9rieur ? Contacter Servicis.\" \/>\n<meta property=\"og:url\" content=\"https:\/\/julienroquette-servicis.fr\/index.php\/vous-souhaitez-realiser-un-amenagement-un-entretien-ou-plus-encore-de-votre-espace-exterieur-contacter-servicis\/\" \/>\n<meta property=\"og:site_name\" content=\"Servicis\" \/>\n<meta property=\"article:modified_time\" content=\"2025-09-07T14:26:53+00:00\" \/>\n<meta property=\"og:image\" content=\"http:\/\/julienroquette-servicis.fr\/wp-content\/uploads\/2024\/08\/backyard-garden-1024x636.jpg\" \/>\n<meta name=\"twitter:card\" content=\"summary_large_image\" \/>\n<meta name=\"twitter:label1\" content=\"Dur\u00e9e de lecture estim\u00e9e\" \/>\n\t<meta name=\"twitter:data1\" content=\"2 minutes\" \/>\n<script type=\"application\/ld+json\" class=\"yoast-schema-graph\">{\"@context\":\"https:\/\/schema.org\",\"@graph\":[{\"@type\":\"WebPage\",\"@id\":\"https:\/\/julienroquette-servicis.fr\/index.php\/vous-souhaitez-realiser-un-amenagement-un-entretien-ou-plus-encore-de-votre-espace-exterieur-contacter-servicis\/\",\"url\":\"https:\/\/julienroquette-servicis.fr\/index.php\/vous-souhaitez-realiser-un-amenagement-un-entretien-ou-plus-encore-de-votre-espace-exterieur-contacter-servicis\/\",\"name\":\"Nous contacter - Servicis\",\"isPartOf\":{\"@id\":\"https:\/\/julienroquette-servicis.fr\/#website\"},\"primaryImageOfPage\":{\"@id\":\"https:\/\/julienroquette-servicis.fr\/index.php\/vous-souhaitez-realiser-un-amenagement-un-entretien-ou-plus-encore-de-votre-espace-exterieur-contacter-servicis\/#primaryimage\"},\"image\":{\"@id\":\"https:\/\/julienroquette-servicis.fr\/index.php\/vous-souhaitez-realiser-un-amenagement-un-entretien-ou-plus-encore-de-votre-espace-exterieur-contacter-servicis\/#primaryimage\"},\"thumbnailUrl\":\"http:\/\/julienroquette-servicis.fr\/wp-content\/uploads\/2024\/08\/backyard-garden-1024x636.jpg\",\"datePublished\":\"2024-06-27T18:22:17+00:00\",\"dateModified\":\"2025-09-07T14:26:53+00:00\",\"description\":\"Vous souhaitez r\u00e9aliser un am\u00e9nagement, un entretien ou plus encore de votre espace ext\u00e9rieur ? Contacter Servicis.\",\"breadcrumb\":{\"@id\":\"https:\/\/julienroquette-servicis.fr\/index.php\/vous-souhaitez-realiser-un-amenagement-un-entretien-ou-plus-encore-de-votre-espace-exterieur-contacter-servicis\/#breadcrumb\"},\"inLanguage\":\"fr-FR\",\"potentialAction\":[{\"@type\":\"ReadAction\",\"target\":[\"https:\/\/julienroquette-servicis.fr\/index.php\/vous-souhaitez-realiser-un-amenagement-un-entretien-ou-plus-encore-de-votre-espace-exterieur-contacter-servicis\/\"]}]},{\"@type\":\"ImageObject\",\"inLanguage\":\"fr-FR\",\"@id\":\"https:\/\/julienroquette-servicis.fr\/index.php\/vous-souhaitez-realiser-un-amenagement-un-entretien-ou-plus-encore-de-votre-espace-exterieur-contacter-servicis\/#primaryimage\",\"url\":\"http:\/\/julienroquette-servicis.fr\/wp-content\/uploads\/2024\/08\/backyard-garden-1024x636.jpg\",\"contentUrl\":\"http:\/\/julienroquette-servicis.fr\/wp-content\/uploads\/2024\/08\/backyard-garden-1024x636.jpg\"},{\"@type\":\"BreadcrumbList\",\"@id\":\"https:\/\/julienroquette-servicis.fr\/index.php\/vous-souhaitez-realiser-un-amenagement-un-entretien-ou-plus-encore-de-votre-espace-exterieur-contacter-servicis\/#breadcrumb\",\"itemListElement\":[{\"@type\":\"ListItem\",\"position\":1,\"name\":\"Accueil\",\"item\":\"https:\/\/julienroquette-servicis.fr\/\"},{\"@type\":\"ListItem\",\"position\":2,\"name\":\"Nous contacter\"}]},{\"@type\":\"WebSite\",\"@id\":\"https:\/\/julienroquette-servicis.fr\/#website\",\"url\":\"https:\/\/julienroquette-servicis.fr\/\",\"name\":\"Servicis\",\"description\":\"\",\"publisher\":{\"@id\":\"https:\/\/julienroquette-servicis.fr\/#organization\"},\"potentialAction\":[{\"@type\":\"SearchAction\",\"target\":{\"@type\":\"EntryPoint\",\"urlTemplate\":\"https:\/\/julienroquette-servicis.fr\/?s={search_term_string}\"},\"query-input\":{\"@type\":\"PropertyValueSpecification\",\"valueRequired\":true,\"valueName\":\"search_term_string\"}}],\"inLanguage\":\"fr-FR\"},{\"@type\":\"Organization\",\"@id\":\"https:\/\/julienroquette-servicis.fr\/#organization\",\"name\":\"Servicis\",\"url\":\"https:\/\/julienroquette-servicis.fr\/\",\"logo\":{\"@type\":\"ImageObject\",\"inLanguage\":\"fr-FR\",\"@id\":\"https:\/\/julienroquette-servicis.fr\/#\/schema\/logo\/image\/\",\"url\":\"https:\/\/julienroquette-servicis.fr\/wp-content\/uploads\/2024\/06\/Servicis.png\",\"contentUrl\":\"https:\/\/julienroquette-servicis.fr\/wp-content\/uploads\/2024\/06\/Servicis.png\",\"width\":500,\"height\":500,\"caption\":\"Servicis\"},\"image\":{\"@id\":\"https:\/\/julienroquette-servicis.fr\/#\/schema\/logo\/image\/\"}}]}<\/script>\n<!-- \/ Yoast SEO plugin. -->","yoast_head_json":{"title":"Nous contacter - Servicis","description":"Vous souhaitez r\u00e9aliser un am\u00e9nagement, un entretien ou plus encore de votre espace ext\u00e9rieur ? Contacter Servicis.","robots":{"index":"index","follow":"follow","max-snippet":"max-snippet:-1","max-image-preview":"max-image-preview:large","max-video-preview":"max-video-preview:-1"},"canonical":"https:\/\/julienroquette-servicis.fr\/index.php\/vous-souhaitez-realiser-un-amenagement-un-entretien-ou-plus-encore-de-votre-espace-exterieur-contacter-servicis\/","og_locale":"fr_FR","og_type":"article","og_title":"Nous contacter - Servicis","og_description":"Vous souhaitez r\u00e9aliser un am\u00e9nagement, un entretien ou plus encore de votre espace ext\u00e9rieur ? Contacter Servicis.","og_url":"https:\/\/julienroquette-servicis.fr\/index.php\/vous-souhaitez-realiser-un-amenagement-un-entretien-ou-plus-encore-de-votre-espace-exterieur-contacter-servicis\/","og_site_name":"Servicis","article_modified_time":"2025-09-07T14:26:53+00:00","og_image":[{"url":"http:\/\/julienroquette-servicis.fr\/wp-content\/uploads\/2024\/08\/backyard-garden-1024x636.jpg","type":"","width":"","height":""}],"twitter_card":"summary_large_image","twitter_misc":{"Dur\u00e9e de lecture estim\u00e9e":"2 minutes"},"schema":{"@context":"https:\/\/schema.org","@graph":[{"@type":"WebPage","@id":"https:\/\/julienroquette-servicis.fr\/index.php\/vous-souhaitez-realiser-un-amenagement-un-entretien-ou-plus-encore-de-votre-espace-exterieur-contacter-servicis\/","url":"https:\/\/julienroquette-servicis.fr\/index.php\/vous-souhaitez-realiser-un-amenagement-un-entretien-ou-plus-encore-de-votre-espace-exterieur-contacter-servicis\/","name":"Nous contacter - Servicis","isPartOf":{"@id":"https:\/\/julienroquette-servicis.fr\/#website"},"primaryImageOfPage":{"@id":"https:\/\/julienroquette-servicis.fr\/index.php\/vous-souhaitez-realiser-un-amenagement-un-entretien-ou-plus-encore-de-votre-espace-exterieur-contacter-servicis\/#primaryimage"},"image":{"@id":"https:\/\/julienroquette-servicis.fr\/index.php\/vous-souhaitez-realiser-un-amenagement-un-entretien-ou-plus-encore-de-votre-espace-exterieur-contacter-servicis\/#primaryimage"},"thumbnailUrl":"http:\/\/julienroquette-servicis.fr\/wp-content\/uploads\/2024\/08\/backyard-garden-1024x636.jpg","datePublished":"2024-06-27T18:22:17+00:00","dateModified":"2025-09-07T14:26:53+00:00","description":"Vous souhaitez r\u00e9aliser un am\u00e9nagement, un entretien ou plus encore de votre espace ext\u00e9rieur ? Contacter Servicis.","breadcrumb":{"@id":"https:\/\/julienroquette-servicis.fr\/index.php\/vous-souhaitez-realiser-un-amenagement-un-entretien-ou-plus-encore-de-votre-espace-exterieur-contacter-servicis\/#breadcrumb"},"inLanguage":"fr-FR","potentialAction":[{"@type":"ReadAction","target":["https:\/\/julienroquette-servicis.fr\/index.php\/vous-souhaitez-realiser-un-amenagement-un-entretien-ou-plus-encore-de-votre-espace-exterieur-contacter-servicis\/"]}]},{"@type":"ImageObject","inLanguage":"fr-FR","@id":"https:\/\/julienroquette-servicis.fr\/index.php\/vous-souhaitez-realiser-un-amenagement-un-entretien-ou-plus-encore-de-votre-espace-exterieur-contacter-servicis\/#primaryimage","url":"http:\/\/julienroquette-servicis.fr\/wp-content\/uploads\/2024\/08\/backyard-garden-1024x636.jpg","contentUrl":"http:\/\/julienroquette-servicis.fr\/wp-content\/uploads\/2024\/08\/backyard-garden-1024x636.jpg"},{"@type":"BreadcrumbList","@id":"https:\/\/julienroquette-servicis.fr\/index.php\/vous-souhaitez-realiser-un-amenagement-un-entretien-ou-plus-encore-de-votre-espace-exterieur-contacter-servicis\/#breadcrumb","itemListElement":[{"@type":"ListItem","position":1,"name":"Accueil","item":"https:\/\/julienroquette-servicis.fr\/"},{"@type":"ListItem","position":2,"name":"Nous contacter"}]},{"@type":"WebSite","@id":"https:\/\/julienroquette-servicis.fr\/#website","url":"https:\/\/julienroquette-servicis.fr\/","name":"Servicis","description":"","publisher":{"@id":"https:\/\/julienroquette-servicis.fr\/#organization"},"potentialAction":[{"@type":"SearchAction","target":{"@type":"EntryPoint","urlTemplate":"https:\/\/julienroquette-servicis.fr\/?s={search_term_string}"},"query-input":{"@type":"PropertyValueSpecification","valueRequired":true,"valueName":"search_term_string"}}],"inLanguage":"fr-FR"},{"@type":"Organization","@id":"https:\/\/julienroquette-servicis.fr\/#organization","name":"Servicis","url":"https:\/\/julienroquette-servicis.fr\/","logo":{"@type":"ImageObject","inLanguage":"fr-FR","@id":"https:\/\/julienroquette-servicis.fr\/#\/schema\/logo\/image\/","url":"https:\/\/julienroquette-servicis.fr\/wp-content\/uploads\/2024\/06\/Servicis.png","contentUrl":"https:\/\/julienroquette-servicis.fr\/wp-content\/uploads\/2024\/06\/Servicis.png","width":500,"height":500,"caption":"Servicis"},"image":{"@id":"https:\/\/julienroquette-servicis.fr\/#\/schema\/logo\/image\/"}}]}},"_links":{"self":[{"href":"https:\/\/julienroquette-servicis.fr\/index.php\/wp-json\/wp\/v2\/pages\/137","targetHints":{"allow":["GET"]}}],"collection":[{"href":"https:\/\/julienroquette-servicis.fr\/index.php\/wp-json\/wp\/v2\/pages"}],"about":[{"href":"https:\/\/julienroquette-servicis.fr\/index.php\/wp-json\/wp\/v2\/types\/page"}],"author":[{"embeddable":true,"href":"https:\/\/julienroquette-servicis.fr\/index.php\/wp-json\/wp\/v2\/users\/1"}],"replies":[{"embeddable":true,"href":"https:\/\/julienroquette-servicis.fr\/index.php\/wp-json\/wp\/v2\/comments?post=137"}],"version-history":[{"count":66,"href":"https:\/\/julienroquette-servicis.fr\/index.php\/wp-json\/wp\/v2\/pages\/137\/revisions"}],"predecessor-version":[{"id":973,"href":"https:\/\/julienroquette-servicis.fr\/index.php\/wp-json\/wp\/v2\/pages\/137\/revisions\/973"}],"wp:attachment":[{"href":"https:\/\/julienroquette-servicis.fr\/index.php\/wp-json\/wp\/v2\/media?parent=137"}],"curies":[{"name":"wp","href":"https:\/\/api.w.org\/{rel}","templated":true}]}}